 14. Let z(c) = -5*g(c) + 3*n(c). Suppose 2*s + s - 21 = 0. Is z(s) a composite number?
True
Let o = -7464 + 11273. Is o prime?
False
Suppose -3*k + 1461 = 5*b, -5*b - 4*k = 48 - 1511. Suppose 2*j + 3*a + b = 0, -358 + 74 = 2*j - 4*a. Let f = -65 - j. Is f prime?
True
Suppose 12*p = 4*p + 1768. Is p composite?
True
Let l = 132 - 53. Is l prime?
True
Suppose -4*s = -5*s - 108. Let a = -29 - s. Is a a composite number?
False
Let r be (4/6)/(8/996). Suppose 0*q = q - r. Is q composite?
False
Let j(r) be the first derivative of r**4/2 - 7*r**3/3 + 2*r**2 - r + 1. Is j(6) a prime number?
False
Let p(z) = -z**2 - 2*z. Let x be p(-3). Is x - (-42 - (-2 - 0)) a composite number?
False
Let s(f) = f**2 - 11*f - 21. Is s(-8) prime?
True
Suppose -4 = 2*y, -2*q - y = -3*y. Let m = q - -10. Is (1 - m)/(-1) + -1 a prime number?
False
Let s = 13 + -10. Suppose 3*w = -2*l + 58, -3*w - 80 = -s*l - l. Is l prime?
True
Let u(s) = s**2 - 9*s + 6. Let f be (-13)/(-2) + (-2)/4. Let r be u(f). Let o = -6 - r. Is o prime?
False
Is 1284/5 + 12/60 a composite number?
False
Suppose -579 = -x + 352. Suppose -5*b = -d + 159, -4*d + x = 5*b + 345. Is d a composite number?
False
Suppose -2172 = -7*l + 9427. Is l prime?
True
Let r(s) = -14*s + 1. Let g be (-8)/2 - 0/(-2). Let l be r(g). Suppose 0 = -x + l - 20. Is x prime?
True
Suppose -2*r = -12 + 2. Suppose r*s - 235 = 5*z, 4*s - 2*z = -0*s + 180. Suppose s = 3*w - 2*w. Is w a composite number?
False
Suppose g - 944 = -5*o, 2*g - 3*o - 1813 = 2*o. Is g prime?
True
Is 6/18 - 82/(-6) composite?
True
Let f(k) = 53*k**3 - 7*k**2 - 2*k + 2. Let v(x) = 18*x**3 - 2*x**2 - x + 1. Let u(s) = -2*f(s) + 7*v(s). Is u(2) prime?
True
Suppose z = 4 - 2, s - 104 = -5*z. Suppose s = -4*l - 1250. Let g = l - -485. Is g a prime number?
True
Let y(c) = 2*c - 1 + 14*c**2 + 40*c**2 - 4*c. Let a be y(-1). Suppose -a + 165 = 5*h. Is h a prime number?
False
Is (-6786)/(-12) + 5/(-2) a composite number?
False
Suppose 3*z - z = 26. Is z composite?
False
Suppose j - 3*j = -10. Suppose j*d + 2 = 17. Is (107 - 1)*d/6 composite?
False
Let h(c) = -57*c - 17. Is h(-4) prime?
True
Let b(g) = -g**3 - 6*g**2 - 3*g + 2. Let o be b(-5). Let a be (-36)/o*(-180)/(-2). Suppose 0 = -5*p - 5*r + a, 0*r - 57 = -p + 5*r. Is p prime?
False
Let w be (-3)/18*10*-18. Suppose 0*k + k = w. Let l = 4 + k. Is l prime?
False
Let h = 4 + 136. Suppose -5*y = -95 - h. Is y a prime number?
True
Let a = -585 - -1007. Is a prime?
False
Suppose 0*o = -2*o + 518. Is o composite?
True
Let l(o) = 3*o**2 + 4*o + 5. Let x(j) = 1. Let a(h) = l(h) + 3*x(h). Is a(-7) composite?
False
Suppose -5*j + 5*b = -j + 7, -15 = -3*j - 3*b. Suppose -8*p + 213 = q - 3*p, 0 = 5*q + j*p - 1111. Is q a prime number?
True
Is (-4472)/(-6) - 3/9 composite?
True
Suppose -m = -4*o - 22, m = -2*o + 5*m - 18. Let u be 5 - o/(15/(-9)). Suppose -x - x = -5*s - 72, -u*x + 58 = 2*s. Is x a prime number?
True
Let x(n) = n**3 - 3*n**2 + 2*n + 1. Let f be x(2). Let h = f - -3. Suppose -h*p + 174 = 34. Is p a prime number?
False
Suppose -x - 220 = -2*z - 2*z, 2*z + 3*x = 110. Is z composite?
True
Let l = -2 - -6. Suppose 4*p = -l*d + 276, 146 = d + d + 4*p. Is d a composite number?
True
Let y be 12/5 - 4/10. Let l be y - -1 - (0 - 653). Is 2/(-6) + l/6 prime?
True
Suppose 5*y = -2*k + 406, -3*y + 2*y = -k + 203. Let i = k - -206. Is i a composite number?
False
Suppose 0 = -5*j - 0*z + 4*z + 11229, -4*z = 3*j - 6731. Is j a prime number?
False
Let d be 5/(3/(-9)*-1). Suppose 57 = 2*u + 5*w, -2*u + 5*w + d = -12. Is u a prime number?
False
Let l = 594 - 407. Is l prime?
False
Let o(v) = -v**2 - 9*v - 4. Let i be o(-8). Suppose 5*j + 4*u + 6 = 315, -i*u - 341 = -5*j. Is j a prime number?
False
Is (-9085)/(-75) + 4/(-30) a composite number?
True
Let x(q) = -2*q - 4. Let i be x(-6). Is 14/i*(-1 + 29) prime?
False
Suppose -3*x + 9 = -9. Suppose -f + 115 = x*m - 2*m, 5*f - 575 = 5*m. Is f prime?
False
Let n = -5 - -5. Suppose 4*x = -n*x + 40. Is x prime?
False
Let c = 47 - 22. Let v = c + 28. Is v prime?
True
Let a = 99 + -2. Suppose -4*g + 115 + a = 0. Is g composite?
False
Suppose 8 = 3*v + 2. Suppose -w - 3*l + 0 = -31, 0 = 4*w + v*l - 94. Is w a composite number?
True
Suppose 5*f - q - 2687 = 0, 2*f - 1076 = -0*f + q. Is f a composite number?
True
Let c = 569 + -352. Is c a prime number?
False
Suppose 3*h - 71 = -5*b + 24, 4*h = -20. Let w be b - (-1 + 2 + -2). Let z = -13 + w. Is z a composite number?
True
Let a be 3*(-4)/((-12)/(-235)). Is a*(-1)/(-5)*-3 a composite number?
True
Let p(w) = 5*w**2 + 5. Let x(y) = -4*y**2 + y - 4. Let q(g) = -5*p(g) - 6*x(g). Let t be 2/((-3)/6 - 0/(-4)). Is q(t) a composite number?
False
Let w = -31 + 33. Let o(c) be the second derivative of c**5/2 - c**4/12 + c**2/2 - c. Is o(w) composite?
True
Let a = -1 - -3. Suppose a*r = 4*s + 7*r - 15, 5*s = -5*r + 20. Suppose 0 = -s*u + u + 76. Is u composite?
False
Let k be 276*(-1 - 2)/(-6). Let m = 11 + k. Is m prime?
True
Suppose -7*t = -127 - 2092. Is t a prime number?
True
Is (-226)/((28/(-70))/(6/10)) prime?
False
Let w = -789 + 1696. Is w composite?
False
Suppose 54 = 2*p + 5*z, 120 = 3*p + 2*p + 5*z. Is p prime?
False
Let n = 69 - 39. Suppose 3*z = -5*t + n, 2 = t - 3*z + 14. Is t*(70/3 - -3) a prime number?
True
Suppose -3*m - 2*m + 390 = 0. Let c = m + -27. Is c prime?
False
Let i(g) be the first derivative of g**3/3 - 3*g**2 + 4*g - 1. Let k be i(6). Suppose t - 195 = -k*t. Is t a prime number?
False
Is 1480 - 4 - (1 + -6) a composite number?
False
Suppose 0*a - 3*a = -627. Suppose -4*r + a + 59 = 0. Is r prime?
True
Suppose -4*k - 2*r + 154 = 0, 4*r = -2*k - k + 128. Suppose 4*u - 112 = -k. Is u composite?
False
Suppose 0 = -0*o - 5*o. Let b be (0 + o - 0)*1. Is 2 + 1 + (20 - b) prime?
True
Suppose 0 = 2*x - 46 - 112. Is x prime?
True
Suppose -s + 0 = -4*j + 3, -15 = 4*j + 5*s. Is -179*((j - -2) + -3) prime?
True
Let b be (-3 + 3/(-3))/(-2). Suppose b*n = 4*n. Suppose 35 = -n*v + v. Is v composite?
True
Let p(d) = 91*d - 2. Is p(7) a composite number?
True
Suppose -406 = -13*n + 6*n. Is n prime?
False
Suppose 7*x - 6*x = 887. Is x a composite number?
False
Let i(s) = s**3 - 7*s**2 - 11. Is i(8) composite?
False
Let w(k) = 25*k**2 + 4*k + 6. Let p be -2*1/((-3)/9). Let t be w(p). Is (3/(-9))/((-2)/t) prime?
False
Let z be (-5)/(-2)*(-1 - -3). Suppose 2323 = 4*x + o, -z = 4*o + o. Is x a prime number?
False
Let p(k) = 3*k**2 + 2. Let n = 8 - 6. Is p(n) composite?
True
Suppose 12915 = 4*g + y, 2*y = g - 0*g - 3231. Is g a composite number?
False
Is (-2)/(-13) - (-3105)/13 prime?
True
Let d(v) = -2*v**3 + 4*v**2 - v - 4. Is d(-3) prime?
True
Let v = -8 - -4. Let m(s) = -s**2 + 14*s + 16. Let k be m(14). Is (-75)/(-4) - v/k composite?
False
Suppose -52 = -2*p - 2*a + 6*a, 5*p = -3*a + 143. Let g = 3 - 5. Let b = p + g. Is b a composite number?
True
Is 844/8*(4 - -2) a prime number?
False
Let d(v) = -v**2 + 9*v - 12. Let w be d(8). Let r be 93*w - (1 + -1). Is (-4)/14 + r/(-28) composite?
False
Let i(l) = -l**2 + 6*l - 7. Let u be i(5). Let q be -1 - u - (-9 + -2). Suppose 3*o = q, -5*z - 395 + 1070 = 5*o. Is z prime?
True
Suppose 0 = g + 4*h - 248, -7*h + 4*h = -2*g + 485. Suppose 281 = 5*i + w, 3*i - g = -i + 4*w. Is i a composite number?
True
Let k = -233 - -342. Is k prime?
True
Let a(f) be the first derivative of f**4 - 2*f**3/3 - 3*f - 3. Is a(3) a prime number?
False
Let w(l) be the first derivative of 4*l**4/3 + 2*l**3/3 + l**2/2 - l - 2. Let p(r) be the first derivative of w(r). Is p(-3) a prime number?
False
Suppose -2*q + 45 = -y, 3*q - 5*q - 3*y = -49. Is q a composite number?
False
Is -6 + 5 - 204/(-1) a composite number?
True
Let k(l) = 26*l**2 + 6*l + 7. Is k(-3) composite?
False
Suppose -2 = -2*z + 2. Let k(i) = z*i**3 - 7 - 1 - 6*i**2 - i**3 - 3 + 3*i. Is k(10) a composite number?
False
Suppose 4*x - 2451 = n, 609 = 3*x - 2*x - n. Is x composite?
True
Let x = 21 + -19. Suppose 0 = -x*z - 0*z + 1542. Is z a composite number?
True
Let m(x) = x**2 - 11*x + 10. Let q be m(8). Let u = 40 + q. Is u composite?
True
Is (-93*44/(-48))/((-1)/(-4)) prime?
False
Let k = -7 + 11. Suppose 5*o = -k*y + 56, 0 = 2*y + 2*y - 5*o - 56. Is y prime?
False
Let i(a) = 18*a + 7. Is i(12) a composite number?
False
Let x be -2 - (-1 + (-14)/(-2))